2
Let j be (-1 + -39)/(-4) + 1. Suppose -j*b = -2*b + 1377. Let i = -74 - b. What is the remainder when i is divided by 10?
9
Calculate the remainder when 2*(204/(-952) - 26204/(-14)) is divided by 7.
5
Let t = 25 + -23. Suppose -t*r + 94 = 2. Suppose 4*h + r = 2*d, 0*d + 115 = 5*d - 3*h. Calculate the remainder when d is divided by 13.
10
Let x(l) = -l**3 + 31*l**2 + 75*l - 3. What is the remainder when x(33) is divided by 143?
8
Let m = 366 - 116. Let y = m + -106. Calculate the remainder when y is divided by 49.
46
Let m = 1540 + -1055. Suppose c + 3*o = 97, -4*c - 2*o + m = c. What is the remainder when c is divided by 17?
12
Let w = -7 - -27. Calculate the remainder when (98/(-10))/(335/(-6700)) is divided by w.
16
Suppose 0 = 5*c + 5, 89 = -5*b + c + 5. What is the remainder when 78/4*(-5 - (b - -8)) is divided by 27?
24
Let s(n) = -3*n - 16. Let j be s(-5). Calculate the remainder when 4 - (6 + (j - 3)) is divided by 1/((-3 + 5)/4).
0
Let n = 5045 + 2401. What is the remainder when n is divided by 76?
74
Let z(j) = -645*j + 1004. What is the remainder when z(-23) is divided by 16?
15
Let p(l) = l**2 - 34*l - 361. Calculate the remainder when 2373 is divided by p(-9).
7
Let g(c) = 6*c**2 + 71*c + 450. Calculate the remainder when g(-16) is divided by 792.
58
Suppose 5*n = -k + 1923, -13*n - 3*k + 1161 = -10*n. What is the remainder when 795 is divided by n?
27
Suppose 39*u = 257*u - 10464. Calculate the remainder when 394 is divided by u.
10
Let w(y) = 5*y**2 + 6*y - 11. Let n be w(3). Let t = n - 4. Calculate the remainder when t is divided by (17 - 0)/(-5*(-3)/15).
14
Suppose d - 127 = -4*y, -478*d - 441 = -481*d + 3*y. Calculate the remainder when d is divided by 11.
0
Let x be (-66)/4*(-1240)/93. Suppose 3*c - 132 = 3*b + 30, 4*c - 208 = -4*b. Let r = x - c. What is the remainder when r is divided by 28?
27
Let f(w) = w**3 - 3*w + 1. Let j be f(2). Let z(u) = 6*u**2 + 11 - u + j*u**3 + 0*u - 1 - 2*u**3. What is the remainder when z(-6) is divided by 6?
4
Suppose 3124 = -154*y + 28688. Calculate the remainder when y is divided by 31.
11
Let u(m) = 31*m**2 + 3*m + 4. Let s be u(3). Suppose 96 = -4*g + s. Suppose 10 + 90 = 4*k. Calculate the remainder when g is divided by k.
24
What is the remainder when (-7 - -9) + 92/2 is divided by 5017/551 + (-12)/114?
3
Let t(q) = -150*q**3 + q**2 - 2*q - 4. Let v be t(-1). Let c = 155 - v. Calculate the remainder when c is divided by 6.
0
Let d(t) = t**2 - 5*t + 6. Let z be d(3). Suppose z = -k + 6*k - 15, -5*b + k = -17. What is the remainder when 5 is divided by ((-2)/b)/((-2)/16)*1?
1
Let y(u) = 14*u + 1021. Calculate the remainder when 5496 is divided by y(-72).
10
Let d be 4/(-4)*(-3 - -3). What is the remainder when 67 is divided by d + 6 - 1 - (-14 + 3)?
3
Let s(x) = 5*x - 27. Let l(f) = f**3 - 7*f**2 + 13*f - 7. Calculate the remainder when s(16) is divided by l(5).
5
Let x be (178/(-6))/(31/(-93)). Suppose -7*v + 2 = -x. Calculate the remainder when v is divided by ((-9)/6)/(3/(-8)).
1
Calculate the remainder when 406 is divided by (-700)/(-8) + -6 + (-9)/(-6).
74
Suppose 0 = 2*o + 5*c + 233 + 162, -5*o - 5*c - 1025 = 0. Let p = -197 - o. Calculate the remainder when p is divided by 12.
1
Suppose -11 = -w + 43. Let o be (2 - (-20)/(-9)) + 12/w. Suppose 4*g + 12 - 48 = o. Calculate the remainder when 25 is divided by g.
7
Suppose 0*z = -4*z - 2*y - 158, 4*z = -y - 163. Let v be -8 + (5 - -1) + 6 + -162. What is the remainder when 16 is divided by 12/z + v/(-14)?
5
Suppose -n + 147 = 6*n. Let a = -1601 - -1683. What is the remainder when a is divided by n?
19
Suppose 2*t - 4*r - 100 = 0, 0 = -t - 3*r - 110 + 125. Calculate the remainder when 2985 is divided by t.
33
Let i be (-1)/(4 - 5)*4. Suppose -243 = i*b - 71. Let n = b + 80. What is the remainder when n is divided by 20?
17
Suppose -3*z - 4 + 10 = 0. Suppose 170 = -z*k + 380. What is the remainder when k is divided by 27?
24
Let p(r) = 12*r**3 + 87*r - 169. Calculate the remainder when 4241 is divided by p(2).
100
Suppose 138 = -5*u - 2*o + 242, 4*u + 4*o - 76 = 0. What is the remainder when 1671 is divided by u?
21
Calculate the remainder when 1321 is divided by 120/1380 + (-19960)/(-46).
19
Suppose -14*z + 125462 = 25082. Suppose -10*g + z = 5*g. Calculate the remainder when g is divided by 13.
10
Let l = -48 + 73. Let z = -39 - -98. Let f = z + 11. What is the remainder when f is divided by l?
20
Suppose -5*u - 235 = -2300. Let g = -29737 + 29753. What is the remainder when u is divided by g?
13
Suppose 2*w - v - 26 = -120, -2*v + 53 = -w. Let r = 13 - w. Suppose 8 + r = 3*g + 4*p, 3*p + 113 = 4*g. Calculate the remainder when 101 is divided by g.
23
Suppose -132 = r + 5. Let q = -13 - r. Suppose -q + 24 = -4*t. Calculate the remainder when 71 is divided by t.
21
Let g = 78 - -81. Let a = -1027 - -1059. Calculate the remainder when g is divided by a.
31
Let l(u) = -152*u - 2748. Calculate the remainder when 145 is divided by l(-19).
5
Let k = -3571 + 3651. Calculate the remainder when 146 is divided by k.
66
What is the remainder when 1406 is divided by (-2)/(-13) - (14 - 20566/338)?
43
Suppose 4*h - 12 = 5*n, -12*n = -10*n. Suppose x + 53 = 4*o + 2*x, -h*o + x = -38. Let u = 46 + -21. Calculate the remainder when u is divided by o.
12
Let o(p) = -2*p**3 + p**2 - 2*p - 1. Let w = 537 + -264. Let c = w - 229. Calculate the remainder when c is divided by o(-2).
21
Suppose -4 = 2*q - q, 0 = 4*k + 4*q - 388. What is the remainder when k is divided by (-4 - -3)/(5/(-15))?
2
Calculate the remainder when 381 is divided by ((-3)/1)/(213/(-10508)).
85
Calculate the remainder when (-2398)/(-7) + -20*(-42)/1960 is divided by 167.
9
Let h = 115 + -95. What is the remainder when 5 is divided by (42/105)/(2*2/h)?
1
Suppose 0 = 3*k - 4*c - 119, -2*c = -k + 29 + 14. What is the remainder when 91 is divided by k?
25
Let p = 9 + 18. What is the remainder when p is divided by (92/(-92))/((-2)/12)?
3
Suppose 5*k = -v + 162, -k - v - 76 + 110 = 0. Let o(x) = 3*x**3 - 2*x**2 + 1. What is the remainder when k is divided by o(2)?
15
Suppose 0 = 5*p - 7*p + 42. Let j be (3 - 1)*p/3. What is the remainder when 88/3 - j/42 is divided by 11?
7
Let n = -16140 + 16998. What is the remainder when n is divided by 41?
38
Suppose 16*n + 4*o = 18*n - 352, -4*o - 692 = -4*n. Calculate the remainder when n is divided by 14.
2
Let f(y) = -7 - 8*y - 25*y + 2 - y. What is the remainder when f(-4) is divided by 22?
21
Suppose l + 5*u - 629 = 0, l = -3*l - 2*u + 2462. What is the remainder when l is divided by 50?
14
Suppose -4*v - 4*a = -776, 4*v - 610 = 5*a + 94. What is the remainder when 2052 is divided by v?
6
Suppose 0 = 8352*r - 8294*r - 746344. Calculate the remainder when r is divided by 39.
37
Let f be (4/(-10))/((-3)/(-30)). Let l(w) = w**3 + 5*w**2. Let o = -187557 - -187627. Calculate the remainder when o is divided by l(f).
6
Suppose -8493*m = -8486*m - 1064. What is the remainder when 471 is divided by m?
15
Suppose 88*f - 80*f = 8688. What is the remainder when f is divided by 78?
72
Suppose 2*a + 1692 = 1736. What is the remainder when 288 is divided by a?
2
Let o = -19395 - -20155. Calculate the remainder when o is divided by 71.
50
Let j = 9527 - 9461. Calculate the remainder when 983 is divided by j.
59
Suppose -2*m + 4010 = 2*a, 796*m - 1985 = -a + 799*m. Calculate the remainder when a is divided by 91.
89
Suppose f = -3*l + 541, -2336*l + 2331*l + 883 = -f. What is the remainder when 2135 is divided by l?
177
Let o be 8/3 - (-1 + 20/30). Suppose -o*a + 3*z = -45, 0 = -z - 1 + 4. Calculate the remainder when 120 is divided by a.
12
Let q be 34 + (2 - 1) - 3. Let r = -57 + 39. Let h = q + r. What is the remainder when 40 is divided by h?
12
Suppose 0 = -10*i + 172 + 138. Let c = -2 - -6. Suppose -c*n = 5*g - 414, -g - 4*g = -n - 434. What is the remainder when g is divided by i?
24
What is the remainder when 1416 is divided by (-42)/9*195/(-26)?
16
Let p(s) = -4*s - 14. Let k = -1 - -3. Let q be ((-6)/(-10))/(k/(-30)). What is the remainder when p(q) is divided by 8?
6
Suppose -51*h + 1349 = -436. What is the remainder when 4 - 6/3 - -92 is divided by h?
24
Let m(w) be the first derivative of 2*w**3 + 7*w**2/2 + 14*w + 10. Let v be m(-4). Suppose -